070756 (base 8) to base 14.
-1059a6
-828 (base 12) to base 16
-4a0
Convert -100010010000001011 (base 2) to base 13.
-4bb23
What is 22111001110 (base 3) in base 12?
80770
Convert -134100041 (base 5) to base 2.
-10101000100111010110
871472 (base 9) to base 4
1332310031
-1100000110111011 (base 2) to base 3
-2112000212
What is -1522511 (base 6) in base 2?
-10101101010101011
Convert 324214423 (base 5) to base 9.
2560758
What is 1101101100100010010 (base 2) in base 10?
448786
-10001211222002 (base 3) to base 15
-2232b8
311802 (base 9) to base 7
1400420
Convert -97470 (base 12) to base 16.
-30ad4
Convert -10330230323 (base 4) to base 16.
-13cb3b
Convert 120151420 (base 6) to base 11.
12aa607
What is -2003121100 (base 4) in base 11?
-338396
Convert -12203694 (base 10) to base 11.
-69858a8
Convert -113204352 (base 6) to base 3.
-10222111201012
What is 4266a29 (base 11) in base 14?
dd52d5
1372363 (base 8) to base 14
a23ab
Convert 1706467 (base 13) to base 12.
25a9537
Convert 4012167 (base 8) to base 7.
11646230
-1000101100011001101 (base 2) to base 7
-2264355
Convert -17659d (base 15) to base 6.
-40155521
-dd62 (base 15) to base 8
-133454
-21333100 (base 4) to base 7
-230164
42565 (base 11) to base 3
10010220200
Convert -324a24 (base 12) to base 16.
-c26bc
Convert 215512313 (base 6) to base 5.
2000210143
24731410 (base 8) to base 16
53b308
Convert 1356421 (base 12) to base 15.
50ed54
What is 1424443420 (base 5) in base 8?
16233744
Convert 5232775 (base 10) to base 2.
10011111101100010000111
What is 43130363 (base 7) in base 16?
380519
What is -324510240 (base 6) in base 14?
-ab9076
What is 589889 (base 10) in base 4?
2100001001
Convert 120031302 (base 4) to base 2.
11000001101110010
-11014134403 (base 5) to base 12
-3b82382
Convert -34b391 (base 12) to base 16.
-cf45d
Convert -101214103 (base 5) to base 4.
-1210333111
What is -358c3 (base 13) in base 16?
-17f83
Convert -3813415 (base 9) to base 8.
-7726231
What is -1004400102 (base 5) in base 13?
-5601b9
Convert -144534443 (base 7) to base 3.
-200002212110102
What is -36704 (base 11) in base 7?
-306551
What is 2426685 (base 9) in base 13?
371693
10001110010110101011 (base 2) to base 8
2162653
Convert -2201020 (base 3) to base 13.
-b91
Convert 13132001000 (base 4) to base 9.
3613722
Convert -412112242 (base 5) to base 13.
-468ab0
1110120222120 (base 3) to base 11
492545
Convert -265267 (base 8) to base 7.
-534500
Convert -2242d (base 15) to base 3.
-12112102221
Convert 90577 (base 11) to base 15.
293a8
-133311203 (base 5) to base 8
-2464105
Convert -98627 (base 11) to base 7.
-1134261
-301409 (base 11) to base 13
-13c98c
Convert -7bc97 (base 14) to base 2.
-1001001101000001101
1134400533 (base 6) to base 16
c38ac9
What is -117571 (base 8) in base 3?
-2002000001
Convert -102211230120 (base 4) to base 15.
-663ca9
-85bb1 (base 15) to base 12
-185804
What is -2111000031 (base 5) in base 3?
-22021001211100
Convert -43141011 (base 5) to base 15.
-732c1
Convert 1ab7c (base 13) to base 6.
1043005
Convert 19a9a5 (base 14) to base 2.
11011110111000010101
12220220220 (base 3) to base 14
306b5
What is 324330213 (base 5) in base 4?
11112101031
Convert 10100100110010011 (base 2) to base 12.
409ab
-ad250e (base 16) to base 2
-101011010010010100001110
42b20b (base 13) to base 10
1566810
What is -86a65 (base 14) in base 8?
-1174321
-1001022133 (base 4) to base 12
-10a567
What is 2110112212000 (base 3) in base 6?
44024213
Convert 27268 (base 12) to base 6.
1053412
What is -4a2781 (base 14) in base 8?
-11545535
Convert 1130134 (base 6) to base 12.
2994a
What is 129dc09 (base 14) in base 16?
892921
What is 597365 (base 14) in base 9?
5665285
What is -31233100221 (base 4) in base 3?
-20202222021000
What is -283952 (base 12) in base 15?
-d382e
What is 101011110110001010111 (base 2) in base 15?
1d5a8e
222112012212 (base 3) to base 11
327307
3553142 (base 6) to base 2
101101011010110110
What is 8281 (base 14) in base 8?
53671
What is 101110001011110000011 (base 2) in base 6?
52234123
-634518 (base 12) to base 8
-5754344
What is -59176 (base 11) in base 14?
-23192
What is 230220555 (base 6) in base 8?
20055067
-144213134 (base 5) to base 16
-bcb37
What is -191f83 (base 16) in base 15?
-227c97
Convert -4420221 (base 7) to base 11.
-34084a
Convert 2d3939 (base 14) to base 9.
2875315
484300 (base 9) to base 4
1013100003
Convert -10422344 (base 6) to base 7.
-2446015
212110120100 (base 3) to base 11
296013
Convert -158691 (base 11) to base 3.
-110111002010
Convert -b692b0 (base 16) to base 9.
-24456030
4182019 (base 12) to base 3
212021001122210
Convert 1101101 (base 2) to base 10.
109
What is -4047067 (base 9) in base 13?
-5a6b44
What is 56185 (base 11) in base 4?
103313331
What is -1a94fb (base 16) in base 9?
-3244608
What is 315b8 (base 13) in base 11?
60857
Convert 100011000000002 (base 3) to base 13.
1012b62
What is -17689 (base 16) in base 9?
-155464
What is 112524216 (base 8) in base 6?
1535303102
What is 178b35 (base 15) in base 10?
1143275
20123000202 (base 4) to base 16
21b022
11111001100100011 (base 2) to base 12
61b43
Convert 6157114 (base 10) to base 9.
12523867
-202021221 (base 4) to base 5
-13434011
d206da (base 15) to base 16
983398
What is 11c0b (base 13) in base 12?
16b91
What is -187c40 (base 13) in base 11?
-391818
What is -93bc49 (base 16) in base 11?
-5513252
-1111010001101001010 (base 2) to base 12
-20180a
Convert -101202021 (base 3) to base 8.
-17235
What is -484432 (base 11) in base 6?
-24235423
Convert 121221220322 (base 4) to base 12.
2303362
What is 106a90 (base 11) in base 3?
22122200010
Convert 632774 (base 8) to base 2.
110011010111111100
What is 1243130 (base 5) in base 16?
60d6
587570 (base 9) to base 10
353304
776788 (base 9) to base 5
104324131
-4122222 (base 5) to base 11
-4652a
b85ba5 (base 12) to base 5
1221212024
Convert -20000012101012 (base 3) to base 15.
-430e2b
Convert 12e06 (base 15) to base 9.
102026
What is 34a758 (base 11) in base 8?
2075641
What is 128ce2a (base 15) in base 10?
13358065
What is 101110111011001010100110 (base 2) in base 11?
6a41997
What is -36aa55 (base 11) in base 14?
-113591
What is 5b92b (base 12) in base 3?
20022010022
What is 210030112203 (base 4) in base 14?
138d907
What is 111203133 (base 4) in base 6?
1520423
Convert -28019 (base 14) to base 3.
-12000112112
-1000100100101011100 (base 2) to base 4
-1010211130
3f6b5 (base 16) to base 15
51e7a
What is 10d758 (base 15) in base 6?
25130232
131100130 (base 4) to base 16
1d41c
Convert -133343 (base 8) to base 15.
-dd14
Convert -1102332230 (base 4) to base 9.
-567208
Convert -271cc (base 14) to base 5.
-11041131
What is 3403114 (base 6) in base 11?
108061
2c432 (base 14) to base 4
122333330
What is 1144926 (base 12) in base 14?
628154
120101111012202 (base 3) to base 15
ab8202
Convert 1010101010001100 (base 2) to base 5.
2344120
What is -634078 (base 9) in base 16?
-5c084
-10101111001010001111 (base 2) to base 9
-1313142
Convert -1122110101010 (base 3) to base 10.
-875073
Convert -51737 (base 11) to base 2.
-10010011010011111
2212012220111 (base 3) to base 2
101110011000100011001
-9a9cb0 (base 13) to base 11
-2072767
Convert 346687 (base 10) to base 8.
1245077
Convert 34e50d (base 16) to base 14.
66343b
Convert -403b2 (base 14) to base 15.
-30b3d
-162340335 (base 7) to base 4
-221331323103
Convert 312023100030 (base 4) to base 13.
2c33295
What is 10b8617 (base 13) in base 6?
302330554
What is 46131 (base 10) in base 3?
2100021120
Convert -110212022112201 (base 3) to base 10.
-6836230
What is 33760624 (base 8) in base 11?
4158907
-30430110 (base 5) to base 4
-330233030
-1001111010110011000 (base 2) to base 3
-121111211122
-214664 (base 14) to base 15
-173abe
Convert -12043142 (base 5) to base 13.
-3c163
What is -10245602 (base 8) in base 11?
-1260423
Convert 401565 (base 12) to base 4.
3303213131
What is 4664561 (base 7) in base 10?
587504
4126441 (base 7) to base 10
494488
What is -1031b7a (base 14) in base 5?
-3424243132
-22322112 (base 5) to base 8
-603407
Convert 43144535 (base 6) to base 15.
1a260e
-67531 (base 9) to base 12
-21b9a
-a0d47 (base 15) to base 14
-d3826
What is -1840512 (base 12) in base 2?
-10011010011011011011110
40b35 (base 14) to base 10
155867
Convert 15756a3 (base 15) to base 2.
1110110101101